{"id":1225,"date":"2017-01-24T08:50:46","date_gmt":"2017-01-24T07:50:46","guid":{"rendered":"http:\/\/czentarra.de\/cms\/?page_id=1225"},"modified":"2022-08-05T08:49:41","modified_gmt":"2022-08-05T06:49:41","slug":"aktionen","status":"publish","type":"page","link":"https:\/\/czentarra.de\/cms\/angebote\/aktionen\/","title":{"rendered":"Aktionen"},"content":{"rendered":"<p><strong>Profi-Ger\u00e4te zu Sonderpreisen<\/strong><\/p>\n<p>Hier finden Sie eine Auswahl an Ger\u00e4ten f\u00fcr den Profi aber auch Privatanwender, zu Sonderpreisen.<\/p>\n<p>Bei Fragen k\u00f6nnen Sie uns telefonisch und per Mail kontaktieren oder Sie lassen sich in unseren Filialen in <a href=\"https:\/\/czentarra.de\/cms\/filialen-2\/cottbus\/\">Cottbus<\/a> und <a href=\"https:\/\/czentarra.de\/cms\/filialen-2\/lubben\/\">L\u00fcbben<\/a> pers\u00f6nlich beraten.<\/p>\n<p>Alle Angebote nur solange der Vorrat reicht.<\/p>\n<p><a href=\"https:\/\/czentarra.de\/cms\/wp-content\/uploads\/2022\/08\/TJEP-Ankernagler-KA-4060.pdf\">TJEP Ankernagler KA 4060 Gas 2G im Set<\/a><\/p>\n<p><a href=\"https:\/\/czentarra.de\/cms\/wp-content\/uploads\/2017\/01\/Gedore-Drehmomentschl\u00fcssel.pdf\">Gedore Drehmomentschl\u00fcssel\u00a0DREMOMETER D 3\/4&#8243; 140-760 Nm<\/a><\/p>\n<p>&nbsp;<\/p>\n<p>&nbsp;<\/p>\n<p><a href=\"https:\/\/czentarra.de\/cms\/wp-content\/uploads\/2022\/08\/TJEP-Ankernagler-KA-4060.pdf\"><img loading=\"lazy\" decoding=\"async\" class=\"alignnone wp-image-1534\" src=\"https:\/\/czentarra.de\/cms\/wp-content\/uploads\/2022\/08\/100831_TJEP_KA_4060_GAS_2G.png\" alt=\"\" width=\"165\" height=\"165\" \/><\/a>\u00a0<a href=\"https:\/\/czentarra.de\/cms\/wp-content\/uploads\/2017\/01\/Gedore-Drehmomentschl\u00fcssel.pdf\"><img loading=\"lazy\" decoding=\"async\" class=\"alignnone size-full wp-image-1300\" src=\"https:\/\/czentarra.de\/cms\/wp-content\/uploads\/2017\/01\/GEDORE_Dremometer_b8d1ff9706-300x207.png\" alt=\"\" width=\"200\" height=\"138\" \/><\/a><\/p>\n<p>&nbsp;<\/p>\n","protected":false},"excerpt":{"rendered":"<p>Profi-Ger\u00e4te zu Sonderpreisen Hier finden Sie eine Auswahl an Ger\u00e4ten f\u00fcr den Profi aber auch Privatanwender, zu Sonderpreisen. Bei Fragen k\u00f6nnen Sie uns telefonisch und per Mail kontaktieren oder Sie lassen sich in unseren Filialen in Cottbus und L\u00fcbben pers\u00f6nlich beraten. Alle Angebote nur solange der Vorrat reicht. TJEP Ankernagler KA 4060 Gas 2G im Set Gedore Drehmomentschl\u00fcssel\u00a0DREMOMETER D 3\/4&#8243; &hellip; <a href=\"https:\/\/czentarra.de\/cms\/angebote\/aktionen\/\">mehr <span class=\"meta-nav\">&rarr;<\/span><\/a><\/p>\n","protected":false},"author":10,"featured_media":0,"parent":22,"menu_order":1,"comment_status":"closed","ping_status":"closed","template":"","meta":{"footnotes":""},"class_list":["post-1225","page","type-page","status-publish","hentry"],"_links":{"self":[{"href":"https:\/\/czentarra.de\/cms\/wp-json\/wp\/v2\/pages\/1225","targetHints":{"allow":["GET"]}}],"collection":[{"href":"https:\/\/czentarra.de\/cms\/wp-json\/wp\/v2\/pages"}],"about":[{"href":"https:\/\/czentarra.de\/cms\/wp-json\/wp\/v2\/types\/page"}],"author":[{"embeddable":true,"href":"https:\/\/czentarra.de\/cms\/wp-json\/wp\/v2\/users\/10"}],"replies":[{"embeddable":true,"href":"https:\/\/czentarra.de\/cms\/wp-json\/wp\/v2\/comments?post=1225"}],"version-history":[{"count":38,"href":"https:\/\/czentarra.de\/cms\/wp-json\/wp\/v2\/pages\/1225\/revisions"}],"predecessor-version":[{"id":1537,"href":"https:\/\/czentarra.de\/cms\/wp-json\/wp\/v2\/pages\/1225\/revisions\/1537"}],"up":[{"embeddable":true,"href":"https:\/\/czentarra.de\/cms\/wp-json\/wp\/v2\/pages\/22"}],"wp:attachment":[{"href":"https:\/\/czentarra.de\/cms\/wp-json\/wp\/v2\/media?parent=1225"}],"curies":[{"name":"wp","href":"https:\/\/api.w.org\/{rel}","templated":true}]}}